ert 305 (base 6) to base 14.
81
What is -d (base 16) in base 13?
-10
What is 10 (base 2) in base 11?
2
What is -228 (base 10) in base 14?
-124
What is -104 (base 7) in base 11?
-49
What is -31 (base 13) in base 11?
-37
Convert 235 (base 6) to base 12.
7b
What is 5 (base 7) in base 6?
5
Convert -3d (base 15) to base 10.
-58
100000110 (base 2) to base 13
172
What is -6c (base 15) in base 12?
-86
11 (base 13) to base 7
20
-132 (base 6) to base 14
-40
7 (base 11) to base 13
7
What is -1 (base 5) in base 10?
-1
Convert 4 (base 7) to base 9.
4
Convert 1001 (base 3) to base 14.
20
What is 6 (base 8) in base 11?
6
-1 (base 9) to base 14
-1
-121 (base 7) to base 16
-40
Convert -125 (base 10) to base 13.
-98
What is 2 (base 16) in base 4?
2
11 (base 4) to base 14
5
Convert -61 (base 14) to base 13.
-67
Convert -47 (base 8) to base 12.
-33
Convert -3b (base 15) to base 4.
-320
What is 14 (base 5) in base 12?
9
-3 (base 4) to base 11
-3
What is 12 (base 3) in base 8?
5
Convert 3 (base 5) to base 7.
3
What is -3a (base 13) in base 9?
-54
-121 (base 10) to base 16
-79
20 (base 10) to base 3
202
What is 0 (base 5) in base 14?
0
-74 (base 8) to base 10
-60
Convert -157 (base 9) to base 3.
-11221
What is 11 (base 3) in base 11?
4
-5 (base 14) to base 2
-101
Convert 2 (base 13) to base 6.
2
What is -2 (base 12) in base 8?
-2
Convert -30 (base 10) to base 2.
-11110
-30 (base 6) to base 13
-15
Convert 100010011 (base 2) to base 16.
113
5 (base 10) to base 8
5
211 (base 3) to base 11
20
Convert 1 (base 12) to base 7.
1
What is -8 (base 15) in base 7?
-11
21 (base 9) to base 2
10011
What is -123 (base 4) in base 10?
-27
What is -17 (base 9) in base 14?
-12
What is 6 (base 12) in base 8?
6
What is 3 (base 12) in base 6?
3
What is -233 (base 4) in base 5?
-142
8 (base 11) to base 5
13
22 (base 9) to base 14
16
-3 (base 9) to base 14
-3
12 (base 4) to base 8
6
What is 4 (base 10) in base 4?
10
What is 2 (base 4) in base 13?
2
What is -8 (base 11) in base 3?
-22
What is -20 (base 4) in base 10?
-8
-b (base 12) to base 7
-14
Convert -2 (base 14) to base 7.
-2
Convert 0 (base 5) to base 15.
0
-120 (base 14) to base 12
-168
What is 2 (base 11) in base 7?
2
Convert 1001 (base 2) to base 4.
21
-11100 (base 3) to base 10
-117
What is 11022 (base 3) in base 2?
1110100
-6 (base 11) to base 3
-20
Convert 11 (base 3) to base 10.
4
11201 (base 4) to base 9
432
Convert 122 (base 3) to base 10.
17
1 (base 15) to base 6
1
Convert 0 (base 3) to base 2.
0
Convert 4 (base 10) to base 3.
11
Convert -545 (base 6) to base 11.
-180
What is 4 (base 5) in base 15?
4
-4 (base 5) to base 12
-4
1 (base 2) to base 5
1
-212 (base 4) to base 15
-28
10 (base 2) to base 7
2
What is 120 (base 4) in base 13?
1b
Convert 6 (base 16) to base 5.
11
Convert 4 (base 10) to base 9.
4
-111 (base 8) to base 13
-58
11 (base 3) to base 10
4
0 (base 9) to base 5
0
What is 2 (base 13) in base 2?
10
What is -3 (base 8) in base 6?
-3
What is -3 (base 11) in base 8?
-3
-2 (base 4) to base 7
-2
Convert 34 (base 10) to base 2.
100010
Convert -2 (base 6) to base 16.
-2
What is 233 (base 7) in base 13?
95
Convert -f (base 16) to base 11.
-14
What is -182 (base 10) in base 11?
-156
Convert 11 (base 2) to base 12.
3
-184 (base 12) to base 14
-136
What is -48 (base 12) in base 14?
-40
Convert -313 (base 4) to base 15.
-3a
Convert 13 (base 12) to base 11.
14
What is 2002 (base 4) in base 8?
202
What is 13 (base 6) in base 13?
9
Convert -1 (base 8) to base 10.
-1
What is -3 (base 16) in base 13?
-3
-33 (base 5) to base 3
-200
What is 3 (base 8) in base 7?
3
What is -2 (base 15) in base 13?
-2
Convert -98 (base 13) to base 2.
-1111101
Convert 97 (base 14) to base 16.
85
2 (base 4) to base 2
10
-1111 (base 2) to base 14
-11
What is 1 (base 7) in base 11?
1
What is 10 (base 16) in base 2?
10000
-7 (base 11) to base 8
-7
213 (base 4) to base 14
2b
Convert 2 (base 12) to base 14.
2
What is 11010 (base 2) in base 12?
22
-214 (base 12) to base 5
-2204
What is 6 (base 14) in base 8?
6
What is -11 (base 10) in base 11?
-10
Convert 4 (base 7) to base 14.
4
35 (base 9) to base 4
200
What is 1 (base 13) in base 5?
1
What is 17 (base 9) in base 12?
14
-30 (base 5) to base 6
-23
What is 14 (base 6) in base 3?
101
-a (base 13) to base 3
-101
What is -120 (base 3) in base 16?
-f
10 (base 4) to base 3
11
0 (base 15) to base 9
0
Convert 1 (base 10) to base 2.
1
-38 (base 13) to base 3
-1202
-9 (base 14) to base 12
-9
-126 (base 7) to base 5
-234
2 (base 12) to base 3
2
-100 (base 12) to base 9
-170
What is 0 (base 5) in base 3?
0
Convert -20 (base 7) to base 10.
-14
Convert -19 (base 11) to base 8.
-24
-2 (base 12) to base 15
-2
Convert -8a (base 12) to base 16.
-6a
Convert 3 (base 14) to base 11.
3
Convert 16 (base 8) to base 6.
22
Convert -414 (base 8) to base 15.
-12d
111 (base 2) to base 4
13
What is -1 (base 9) in base 11?
-1
7 (base 8) to base 3
21
20 (base 11) to base 13
19
What is -13 (base 4) in base 7?
-10
24 (base 6) to base 13
13
What is -22 (base 7) in base 5?
-31
Convert b (base 14) to base 3.
102
What is 134 (base 13) in base 11?
183
What is 11 (base 6) in base 10?
7
What is -20 (base 5) in base 15?
-a
-71 (base 13) to base 3
-10102
What is 1 (base 6) in base 9?
1
-411 (base 5) to base 15
-71
What is 12 (base 6) in base 16?
8
-42 (base 5) to base 12
-1a
What is -83 (base 11) in base 13?
-70
-5 (base 7) to base 11
-5
-23 (base 4) to base 10
-11
Convert b (base 16) to base 2.
1011
Convert 1010 (base 2) to base 7.
13
-3 (base 9) to base 16
-3
What is 4 (base 5) in base 9?
4
What is 11 (base 2) in base 16?
3
-1 (base 9) to base 11
-1
Convert 10 (base 12) to base 11.
11
What is 15 (base 13) in base 6?
30
Convert -22 (base 5) to base 10.
-12
Convert 91 (base 12) to base 14.
7b
Convert 2 (base 15) to base 12.
2
What is 116 (base 8) in base 13?
60
What is 6 (base 15) in base 16?
6
Convert 110 (base 3) to base 15.
c
-3 (base 11) to base 13
-3
-164 (base 12) to base 11
-190
Convert -93 (base 14) to base 6.
-333
Convert 41 (base 10) to base 6.
105
Convert 137 (base 10) to base 4.
2021
-61 (base 11) to base 12
-57
What is 442 (base 6) in base 3?
20022
414 (base 8) to base 6
1124
11 (base 13) to base 3
112
-62 (base 10) to base 9
-68
What is 1002 (base 6) in base 13?
13a
What is -6 (base 7) in base 6?
-10
-112 (base 9) to base 10
-92
Convert 5 (base 7) to base 8.
5
What is -22 (base 5) in base 11?
-11
Convert 11 (base 11) to base 8.
14
What is -9 (base 10) in base 15?
-9
-7 (base 13) to base 5
-12
What is 58 (base 16) in base 9?
107
Convert -27 (base 12) to base 13.
-25
Convert 2 (base 9) to base 11.
2
Convert 1 (base 15) to base 2.
1
72 (base 11) to base 9
87
Convert 15 (base 12) to base 16.
11
-2 (base 13) to base 15
-2
Convert -6 (base 16) to base 5.
-11
20 (base 6) to base 14
c
Convert 1 (base 8) to base 15.
1
Convert -2e (base 16) to base 11.
-42
Convert -4 (base 6) to base 2.
-100
What is -1100000 (base 2) in base 5?
-341
What is 2 (base 13) in base 2?
10
What is e (base 16) in base 14?
10
28 (base 9) to base 15
1b
-1 (base 12) to base 11
-1
What is -27 (base 8) in base 9?
-25
What is 17 (base 13) in base 4?
110
What is -d6 (base 14) in base 9?
-228
Convert 10 (base 3) to base 16.
3
Convert -62 (base 7) to base 14.
-32
What is b (base 15) in base 5?
21
Convert -13 (base 5) to base 7.
-11
40 (base 6) to base 7
33
Convert -10 (base 2) to base 8.
-2
What is 5 (base 13) in base 11?
5
Convert -17 (base 15) to base 9.
-24
26 (base 7) to base 4
110
-243 (base 7) to base 12
-a9
Convert 21 (base 3) to base 8.
7
-256 (base 7) to base 4
-2023
-5 (base 9) to base 12
-5
11 (base 2) to base 14
3
Convert -41 (base 7) to base 16.
-1d
68 (base 12) to base 8
120
Convert 6 (base 11) to base 4.
12
What is 1 (base 15) in base 8?
1
What is -10 (base 3) in base 5?
-3
Convert -222 (base 3) to base 15.
-1b
Convert 13 (base 5) to base 14.
8
What is 2 (base 11) in base 2?
10
-a (base 14) to base 13
-a
-66 (base 11) to base 9
-80
What is -2 (base 10) in base 3?
-2
What is -2 (base 14) in base 9?
-2
1 (base 7) to base 10
1
What is -4 (base 6) in base 10?
-4
Convert -1 (base 9) to base 11.
-1
What is 0 (base 7) in base 11?
0
Convert -1 (base 12) to base 5.
-1
What is -36 (base 8) in base 2?
-11110
-120 (base 3) to base 8
-17
What is 2 (base 15) in base 2?
10
W